{"id":53,"date":"2016-12-09T07:07:24","date_gmt":"2016-12-09T06:07:24","guid":{"rendered":"http:\/\/www.farabrodnica.pl\/wordpress\/?page_id=53"},"modified":"2026-04-18T19:29:24","modified_gmt":"2026-04-18T17:29:24","slug":"ogloszenia-2","status":"publish","type":"page","link":"http:\/\/www.farabrodnica.pl\/wordpress\/ogloszenia-2\/","title":{"rendered":"OG\u0141OSZENIA PARAFIALNE"},"content":{"rendered":"\t\t<div data-elementor-type=\"wp-page\" data-elementor-id=\"53\" class=\"elementor elementor-53\" data-elementor-post-type=\"page\">\n\t\t\t\t\t\t<section class=\"elementor-section elementor-top-section elementor-element elementor-element-e02105e elementor-section-boxed elementor-section-height-default elementor-section-height-default\" data-id=\"e02105e\" data-element_type=\"section\" data-settings=\"{&quot;_ha_eqh_enable&quot;:false}\">\n\t\t\t\t\t\t<div class=\"elementor-container elementor-column-gap-default\">\n\t\t\t\t\t<div class=\"elementor-column elementor-col-100 elementor-top-column elementor-element elementor-element-1085c42\" data-id=\"1085c42\" data-element_type=\"column\">\n\t\t\t<div class=\"elementor-widget-wrap elementor-element-populated\">\n\t\t\t\t\t\t<div class=\"elementor-element elementor-element-7f166ee elementor-widget elementor-widget-text-editor\" data-id=\"7f166ee\" data-element_type=\"widget\" data-widget_type=\"text-editor.default\">\n\t\t\t\t<div class=\"elementor-widget-container\">\n\t\t\t\t\t\t\t<p style=\"font-weight: 400; text-align: center;\"><span style=\"color: #ff0000;\"><strong>OG\u0141OSZENIA DUSZPASTERSKIE<\/strong><\/span><\/p><p style=\"font-weight: 400; text-align: center;\"><span style=\"color: #ff0000;\"><strong>III Niedziela Wielkanocna, 19 kwietnia 2026 roku<\/strong><\/span><\/p><p>\u00a0<\/p><p><strong>\u00a01. Prze\u017cywamy dzi\u015b III Niedziel\u0119 Wielkanocn\u0105<\/strong>. Podczas wszystkich Mszy \u015awi\u0119tych b\u0119dziemy mogli wys\u0142ucha\u0107 kr\u00f3tkiego \u015bwiadectwa g\u0142oszonego przez cz\u0142onk\u00f3w wsp\u00f3lnoty Domowego Ko\u015bcio\u0142a.<\/p><p>2. Dzi\u015b trzecia niedziela miesi\u0105ca. Kolekta przeznaczona jest na pokrycie koszt\u00f3w prac remontowych i konserwatorskich w naszej parafii. B\u00f3g zap\u0142a\u0107 za sk\u0142adane ofiary na ten cel.<\/p><p style=\"font-weight: 400;\">W ostatnim okresie zosta\u0142y zakupione mikrofony do prezbiterium ko\u015bcio\u0142a farnego (koszt 3.000 z\u0142). Do renowacji oddali\u015bmy kielich mszalny wraz z paten\u0105 i trzy puszki do Komunii \u015awi\u0119tej (wst\u0119pna wycena 10.000 z\u0142). Za wyw\u00f3z \u015bmieci na cmentarzu w bie\u017c\u0105cym roku (faktura z marca i faktura z kwietnia) zap\u0142acili\u015bmy kwot\u011918.500 z\u0142.<\/p><p>3. W kalendarzu liturgicznym:<\/p><p style=\"font-weight: 400;\">&#8211; <strong>we wtorek<\/strong>: Wspomnienie \u015aw. Anzelma<\/p><p>&#8211; <strong>w \u015brod\u0119:<\/strong> <strong>o godz. 18<sup>00 <\/sup>nowenna do MB Nieustaj\u0105cej Pomocy oraz spowied\u017a \u015bwi\u0119ta w godz. 20<sup>00<\/sup>-21<sup>00<\/sup>;<\/strong><\/p><p><strong>\u00a0<\/strong><strong>&#8211; w czwartek: <\/strong>Uroczysto\u015b\u0107 \u015bw. Wojciecha, biskupa i m\u0119czennika, G\u0142\u00f3wnego Patrona Polski<\/p><p>&#8211; <strong>w sobot\u0119:<\/strong> \u015awi\u0119to \u015aw. Marka Ewangelisty<\/p><p><span style=\"color: #ff0000;\">4. We wtorek 21 kwietnia o godzinie 19:00 w Farze spotkanie organizacyjne dla rodzic\u00f3w dzieci przygotowuj\u0105cych si\u0119 do przyj\u0119cia I Komunii \u015awi\u0119tej.<\/span><\/p><p><span style=\"color: #0000ff;\"><strong>5. Wa\u017cne informacje dla kandydat\u00f3w do Bierzmowania:<\/strong><\/span><\/p><p style=\"font-weight: 400;\"><span style=\"color: #0000ff;\"><strong>\u00a0<\/strong><strong>&#8211; Egzamin do Bierzmowania odb\u0119dzie si\u0119 w dw\u00f3ch turach: <\/strong><\/span><\/p><ol><li><span style=\"color: #0000ff;\"><strong> \u015broda 22.04.2026 o godz. 19:00<\/strong><\/span><\/li><li><span style=\"color: #0000ff;\"><strong> \u015broda 29.04.2026 o godz. 19:00<\/strong><\/span><\/li><\/ol><p><span style=\"color: #0000ff;\"><strong>\u00a0<\/strong><strong>&#8211; We wtorek 28.04.2026 Msza \u015awi\u0119ta i spotkanie organizacyjne \u2013 udzia\u0142 obowi\u0105zkowy \u00a0<\/strong><\/span><\/p><p>6. W sobot\u0119, 30 maja zapraszamy na <strong>pielgrzymk\u0119 do Cz\u0119stochowy.<\/strong> Zapisy w grupie Mi\u0142osierdzia oraz kancelarii parafialnej. Szczeg\u00f3\u0142y na plakacie.<\/p><p>7. W minionym tygodniu <strong>po\u017cegnali\u015bmy: \u015bp. Lidi\u0119 Ochma\u0144sk\u0105, Jana Ma\u0107kowskiego i Czes\u0142awa Kopiszk\u0119. <\/strong><em>Wieczny odpoczynek\u2026..<\/em><\/p><p style=\"font-weight: 400;\">\u00a0<\/p>\t\t\t\t\t\t<\/div>\n\t\t\t\t<\/div>\n\t\t\t\t\t<\/div>\n\t\t<\/div>\n\t\t\t\t\t<\/div>\n\t\t<\/section>\n\t\t\t\t<\/div>\n\t\t","protected":false},"excerpt":{"rendered":"<p>OG\u0141OSZENIA DUSZPASTERSKIE III Niedziela Wielkanocna, 19 kwietnia 2026 roku \u00a0 \u00a01. Prze\u017cywamy dzi\u015b III Niedziel\u0119 Wielkanocn\u0105. Podczas wszystkich Mszy \u015awi\u0119tych b\u0119dziemy mogli wys\u0142ucha\u0107 kr\u00f3tkiego \u015bwiadectwa g\u0142oszonego przez cz\u0142onk\u00f3w wsp\u00f3lnoty Domowego Ko\u015bcio\u0142a. 2. Dzi\u015b trzecia niedziela miesi\u0105ca. Kolekta przeznaczona jest na pokrycie koszt\u00f3w prac remontowych i konserwatorskich w naszej parafii. B\u00f3g zap\u0142a\u0107 za sk\u0142adane ofiary na [&hellip;]<\/p>\n","protected":false},"author":1,"featured_media":0,"parent":0,"menu_order":0,"comment_status":"closed","ping_status":"closed","template":"elementor_header_footer","meta":{"footnotes":""},"_links":{"self":[{"href":"http:\/\/www.farabrodnica.pl\/wordpress\/wp-json\/wp\/v2\/pages\/53"}],"collection":[{"href":"http:\/\/www.farabrodnica.pl\/wordpress\/wp-json\/wp\/v2\/pages"}],"about":[{"href":"http:\/\/www.farabrodnica.pl\/wordpress\/wp-json\/wp\/v2\/types\/page"}],"author":[{"embeddable":true,"href":"http:\/\/www.farabrodnica.pl\/wordpress\/wp-json\/wp\/v2\/users\/1"}],"replies":[{"embeddable":true,"href":"http:\/\/www.farabrodnica.pl\/wordpress\/wp-json\/wp\/v2\/comments?post=53"}],"version-history":[{"count":1248,"href":"http:\/\/www.farabrodnica.pl\/wordpress\/wp-json\/wp\/v2\/pages\/53\/revisions"}],"predecessor-version":[{"id":343939,"href":"http:\/\/www.farabrodnica.pl\/wordpress\/wp-json\/wp\/v2\/pages\/53\/revisions\/343939"}],"wp:attachment":[{"href":"http:\/\/www.farabrodnica.pl\/wordpress\/wp-json\/wp\/v2\/media?parent=53"}],"curies":[{"name":"wp","href":"https:\/\/api.w.org\/{rel}","templated":true}]}}