{"id":160242,"date":"2022-06-24T00:08:23","date_gmt":"2022-06-23T22:08:23","guid":{"rendered":"http:\/\/www.farabrodnica.pl\/wordpress\/?page_id=160242"},"modified":"2022-06-24T00:54:30","modified_gmt":"2022-06-23T22:54:30","slug":"tajemnice-fary-skarbiec","status":"publish","type":"page","link":"http:\/\/www.farabrodnica.pl\/wordpress\/tajemnice-fary-skarbiec\/","title":{"rendered":"TAJEMNICE FARY &#8211; SKARBIEC"},"content":{"rendered":"\t\t<div data-elementor-type=\"wp-page\" data-elementor-id=\"160242\" class=\"elementor elementor-160242\" data-elementor-post-type=\"page\">\n\t\t\t\t\t\t<section class=\"elementor-section elementor-top-section elementor-element elementor-element-f40249f elementor-section-boxed elementor-section-height-default elementor-section-height-default\" data-id=\"f40249f\" data-element_type=\"section\" data-settings=\"{&quot;_ha_eqh_enable&quot;:false}\">\n\t\t\t\t\t\t<div class=\"elementor-container elementor-column-gap-default\">\n\t\t\t\t\t<div class=\"elementor-column elementor-col-100 elementor-top-column elementor-element elementor-element-8b0bf07\" data-id=\"8b0bf07\" data-element_type=\"column\">\n\t\t\t<div class=\"elementor-widget-wrap elementor-element-populated\">\n\t\t\t\t\t\t<div class=\"elementor-element elementor-element-96f8fad elementor-widget elementor-widget-image\" data-id=\"96f8fad\" data-element_type=\"widget\" data-widget_type=\"image.default\">\n\t\t\t\t<div class=\"elementor-widget-container\">\n\t\t\t\t\t\t\t\t\t\t\t\t\t<img fetchpriority=\"high\" decoding=\"async\" width=\"930\" height=\"658\" src=\"http:\/\/www.farabrodnica.pl\/wordpress\/wp-content\/uploads\/2022\/06\/skarbiec-1024x724.jpg\" class=\"attachment-large size-large wp-image-158270\" alt=\"\" srcset=\"http:\/\/www.farabrodnica.pl\/wordpress\/wp-content\/uploads\/2022\/06\/skarbiec-1024x724.jpg 1024w, http:\/\/www.farabrodnica.pl\/wordpress\/wp-content\/uploads\/2022\/06\/skarbiec-300x212.jpg 300w, http:\/\/www.farabrodnica.pl\/wordpress\/wp-content\/uploads\/2022\/06\/skarbiec-768x543.jpg 768w, http:\/\/www.farabrodnica.pl\/wordpress\/wp-content\/uploads\/2022\/06\/skarbiec.jpg 1280w\" sizes=\"(max-width: 930px) 100vw, 930px\" \/>\t\t\t\t\t\t\t\t\t\t\t\t\t<\/div>\n\t\t\t\t<\/div>\n\t\t\t\t<div class=\"elementor-element elementor-element-9c8d710 elementor-widget elementor-widget-global elementor-global-159699 elementor-widget-spacer\" data-id=\"9c8d710\" data-element_type=\"widget\" data-widget_type=\"spacer.default\">\n\t\t\t\t<div class=\"elementor-widget-container\">\n\t\t\t\t\t<div class=\"elementor-spacer\">\n\t\t\t<div class=\"elementor-spacer-inner\"><\/div>\n\t\t<\/div>\n\t\t\t\t<\/div>\n\t\t\t\t<\/div>\n\t\t\t\t<div class=\"elementor-element elementor-element-acc3995 elementor-widget elementor-widget-global elementor-global-159693 elementor-widget-text-editor\" data-id=\"acc3995\" data-element_type=\"widget\" data-widget_type=\"text-editor.default\">\n\t\t\t\t<div class=\"elementor-widget-container\">\n\t\t\t\t\t\t\t<div style=\"text-align: center;\"><span style=\"font-size: 28px;\"><strong>Brodnicki gotyk<br \/><\/strong><\/span><\/div><div>\u00a0<\/div><div>\u00a0<\/div><div style=\"text-align: justify;\"><div id=\"gwp89b6abdb_gwp9fbf0117_gwp9fbf0117\"><div id=\"gwp89b6abdb_gwp9fbf0117_gwp9fbf0117h\"><div class=\"gwp89b6abdb_gwp9fbf0117_gwp9fbf0117b\" data-message-body=\"true\"><div id=\"gwp89b6abdb_gwp9fbf0117_gwp9fbf0117_gwp30db18ef\"><div id=\"gwp89b6abdb_gwp9fbf0117_gwp9fbf0117_gwp30db18efh\"><div class=\"gwp89b6abdb_gwp9fbf0117_gwp9fbf0117_gwp30db18efb\" data-message-body=\"true\"><div id=\"gwp89b6abdb_gwp9fbf0117_gwp9fbf0117_gwp30db18ef_gwp30db18ef\"><div id=\"gwp89b6abdb_gwp9fbf0117_gwp9fbf0117_gwp30db18ef_gwp30db18efh\"><div class=\"gwp89b6abdb_gwp9fbf0117_gwp9fbf0117_gwp30db18ef_gwp30db18efb\" data-message-body=\"true\"><div><div id=\"gwp89b6abdb_gwp9fbf0117_gwp9fbf0117\"><div id=\"gwp89b6abdb_gwp9fbf0117_gwp9fbf0117h\"><div class=\"gwp89b6abdb_gwp9fbf0117_gwp9fbf0117b\" data-message-body=\"true\"><div id=\"gwp89b6abdb_gwp9fbf0117_gwp9fbf0117_gwp30db18ef\"><div id=\"gwp89b6abdb_gwp9fbf0117_gwp9fbf0117_gwp30db18efh\"><div class=\"gwp89b6abdb_gwp9fbf0117_gwp9fbf0117_gwp30db18efb\" data-message-body=\"true\"><div id=\"gwp89b6abdb_gwp9fbf0117_gwp9fbf0117_gwp30db18ef_gwp30db18ef\"><div id=\"gwp89b6abdb_gwp9fbf0117_gwp9fbf0117_gwp30db18ef_gwp30db18efh\"><div class=\"gwp89b6abdb_gwp9fbf0117_gwp9fbf0117_gwp30db18ef_gwp30db18efb\" data-message-body=\"true\"><div><div id=\"gwp89b6abdb_gwp9fbf0117_gwp9fbf0117h\"><div class=\"gwp89b6abdb_gwp9fbf0117_gwp9fbf0117b\" data-message-body=\"true\"><div id=\"gwp89b6abdb_gwp9fbf0117_gwp9fbf0117_gwp30db18ef\"><div id=\"gwp89b6abdb_gwp9fbf0117_gwp9fbf0117_gwp30db18efh\"><div class=\"gwp89b6abdb_gwp9fbf0117_gwp9fbf0117_gwp30db18efb\" data-message-body=\"true\"><div id=\"gwp89b6abdb_gwp9fbf0117_gwp9fbf0117_gwp30db18ef_gwp30db18ef\"><div id=\"gwp89b6abdb_gwp9fbf0117_gwp9fbf0117_gwp30db18ef_gwp30db18efh\"><div class=\"gwp89b6abdb_gwp9fbf0117_gwp9fbf0117_gwp30db18ef_gwp30db18efb\" data-message-body=\"true\"><div><div id=\"gwp89b6abdb_gwp9fbf0117_gwp9fbf0117\"><div id=\"gwp89b6abdb_gwp9fbf0117_gwp9fbf0117h\"><div class=\"gwp89b6abdb_gwp9fbf0117_gwp9fbf0117b\" data-message-body=\"true\"><div id=\"gwp89b6abdb_gwp9fbf0117_gwp9fbf0117_gwp30db18ef\"><div id=\"gwp89b6abdb_gwp9fbf0117_gwp9fbf0117_gwp30db18efh\"><div class=\"gwp89b6abdb_gwp9fbf0117_gwp9fbf0117_gwp30db18efb\" data-message-body=\"true\"><div id=\"gwp89b6abdb_gwp9fbf0117_gwp9fbf0117_gwp30db18ef_gwp30db18ef\"><div id=\"gwp89b6abdb_gwp9fbf0117_gwp9fbf0117_gwp30db18ef_gwp30db18efh\"><div class=\"gwp89b6abdb_gwp9fbf0117_gwp9fbf0117_gwp30db18ef_gwp30db18efb\" data-message-body=\"true\"><div>Zapraszamy na szlak brodnickiej architektury gotyckiej, na kt\u00f3rym spotkacie Pa\u0144stwo zabytki z czas\u00f3w kszta\u0142towania si\u0119 Brodnicy. B\u0119dzie to okazja do skonfrontowania rzeczywistego rozmiaru \u015bredniowiecznego miasta z naszymi wyobra\u017ceniami o nim. Zobaczycie Pa\u0144stwo, jak doskonale zachowa\u0142y si\u0119 \u015blady dawnej my\u015bli technicznej, a feria barw gotyckiej ceg\u0142y i jej r\u00f3\u017cnorodno\u015b\u0107 na d\u0142ugo pozostanie w Waszej pami\u0119ci.<\/div><\/div><\/div><\/div><\/div><\/div><\/div><\/div><\/div><\/div><\/div><\/div><\/div><\/div><\/div><\/div><\/div><\/div><\/div><\/div><div>\u00a0<\/div><\/div><\/div><\/div><\/div><\/div><\/div><\/div><\/div><\/div><\/div><\/div><\/div><\/div><\/div><\/div><\/div><\/div><\/div><\/div><\/div><div style=\"text-align: center;\">\u00a0<\/div><div style=\"text-align: center;\"><strong>Czas trwania spotkania: oko\u0142o 1,5 godziny<\/strong><\/div><div>\u00a0<\/div>\t\t\t\t\t\t<\/div>\n\t\t\t\t<\/div>\n\t\t\t\t<div class=\"elementor-element elementor-element-d26e0cc elementor-widget elementor-widget-global elementor-global-159690 elementor-widget-text-editor\" data-id=\"d26e0cc\" data-element_type=\"widget\" data-widget_type=\"text-editor.default\">\n\t\t\t\t<div class=\"elementor-widget-container\">\n\t\t\t\t\t\t\t<p style=\"text-align: justify;\"><span style=\"color: #ff0000;\"><strong>Brodnicka Fara jest ko\u015bcio\u0142em parafialnym. Rezerwacj\u0119 potwierdzamy po uzgodnieniu proponowanego przez Pa\u0144stwa terminu prelekcji z kalendarzem parafialnym. O dokonaniu rezerwacji poinformujemy przesy\u0142aj\u0105c informacje na adres e-mail, kt\u00f3ry Pa\u0144stwo podadz\u0105 w formularzu rezerwacji.<\/strong><\/span><\/p>\t\t\t\t\t\t<\/div>\n\t\t\t\t<\/div>\n\t\t\t\t<div class=\"elementor-element elementor-element-f138535 elementor-widget elementor-widget-global elementor-global-159687 elementor-widget-heading\" data-id=\"f138535\" data-element_type=\"widget\" data-widget_type=\"heading.default\">\n\t\t\t\t<div class=\"elementor-widget-container\">\n\t\t\t<h2 class=\"elementor-heading-title elementor-size-default\">Formularz rezerwacji<\/h2>\t\t<\/div>\n\t\t\t\t<\/div>\n\t\t\t\t\t<\/div>\n\t\t<\/div>\n\t\t\t\t\t<\/div>\n\t\t<\/section>\n\t\t\t\t<section class=\"elementor-section elementor-top-section elementor-element elementor-element-415cec7 elementor-section-boxed elementor-section-height-default elementor-section-height-default\" data-id=\"415cec7\" data-element_type=\"section\" data-settings=\"{&quot;_ha_eqh_enable&quot;:false}\">\n\t\t\t\t\t\t<div class=\"elementor-container elementor-column-gap-default\">\n\t\t\t\t\t<div class=\"elementor-column elementor-col-100 elementor-top-column elementor-element elementor-element-e72a3e7\" data-id=\"e72a3e7\" data-element_type=\"column\">\n\t\t\t<div class=\"elementor-widget-wrap elementor-element-populated\">\n\t\t\t\t\t\t<div class=\"elementor-element elementor-element-68025de elementor-button-align-stretch elementor-widget elementor-widget-global elementor-global-159767 elementor-widget-form\" data-id=\"68025de\" data-element_type=\"widget\" data-settings=\"{&quot;step_next_label&quot;:&quot;Next&quot;,&quot;step_previous_label&quot;:&quot;Previous&quot;,&quot;button_width&quot;:&quot;100&quot;,&quot;step_type&quot;:&quot;number_text&quot;,&quot;step_icon_shape&quot;:&quot;circle&quot;}\" data-widget_type=\"form.default\">\n\t\t\t\t<div class=\"elementor-widget-container\">\n\t\t\t\t\t<form class=\"elementor-form\" method=\"post\" name=\"rezerwacje\">\n\t\t\t<input type=\"hidden\" name=\"post_id\" value=\"160242\"\/>\n\t\t\t<input type=\"hidden\" name=\"form_id\" value=\"68025de\"\/>\n\t\t\t<input type=\"hidden\" name=\"referer_title\" value=\"\" \/>\n\n\t\t\t\n\t\t\t<div class=\"elementor-form-fields-wrapper elementor-labels-above\">\n\t\t\t\t\t\t\t\t<div class=\"elementor-field-type-text elementor-field-group elementor-column elementor-field-group-name elementor-col-100 elementor-field-required elementor-mark-required\">\n\t\t\t\t\t\t\t\t\t\t\t\t<label for=\"form-field-name\" class=\"elementor-field-label\">\n\t\t\t\t\t\t\t\tImi\u0119 i Nazwisko, Nazwa Grupy, Nazwa Firmy\t\t\t\t\t\t\t<\/label>\n\t\t\t\t\t\t\t\t\t\t\t\t\t\t<input size=\"1\" type=\"text\" name=\"form_fields[name]\" id=\"form-field-name\" class=\"elementor-field elementor-size-sm  elementor-field-textual\" required=\"required\" aria-required=\"true\">\n\t\t\t\t\t\t\t\t\t\t\t<\/div>\n\t\t\t\t\t\t\t\t<div class=\"elementor-field-type-text elementor-field-group elementor-column elementor-field-group-field_52b7300 elementor-col-100 elementor-field-required elementor-mark-required\">\n\t\t\t\t\t\t\t\t\t\t\t\t<label for=\"form-field-field_52b7300\" class=\"elementor-field-label\">\n\t\t\t\t\t\t\t\tTelefon\t\t\t\t\t\t\t<\/label>\n\t\t\t\t\t\t\t\t\t\t\t\t\t\t<input size=\"1\" type=\"text\" name=\"form_fields[field_52b7300]\" id=\"form-field-field_52b7300\" class=\"elementor-field elementor-size-sm  elementor-field-textual\" required=\"required\" aria-required=\"true\">\n\t\t\t\t\t\t\t\t\t\t\t<\/div>\n\t\t\t\t\t\t\t\t<div class=\"elementor-field-type-email elementor-field-group elementor-column elementor-field-group-email elementor-col-100 elementor-field-required elementor-mark-required\">\n\t\t\t\t\t\t\t\t\t\t\t\t<label for=\"form-field-email\" class=\"elementor-field-label\">\n\t\t\t\t\t\t\t\te-mail\t\t\t\t\t\t\t<\/label>\n\t\t\t\t\t\t\t\t\t\t\t\t\t\t<input size=\"1\" type=\"email\" name=\"form_fields[email]\" id=\"form-field-email\" class=\"elementor-field elementor-size-sm  elementor-field-textual\" required=\"required\" aria-required=\"true\">\n\t\t\t\t\t\t\t\t\t\t\t<\/div>\n\t\t\t\t\t\t\t\t<div class=\"elementor-field-type-text elementor-field-group elementor-column elementor-field-group-field_a3c0352 elementor-col-100 elementor-field-required elementor-mark-required\">\n\t\t\t\t\t\t\t\t\t\t\t\t<label for=\"form-field-field_a3c0352\" class=\"elementor-field-label\">\n\t\t\t\t\t\t\t\tTermin rezerwacji - prosimy poda\u0107 dat\u0119 i godzin\u0119\t\t\t\t\t\t\t<\/label>\n\t\t\t\t\t\t\t\t\t\t\t\t\t\t<input size=\"1\" type=\"text\" name=\"form_fields[field_a3c0352]\" id=\"form-field-field_a3c0352\" class=\"elementor-field elementor-size-sm  elementor-field-textual\" required=\"required\" aria-required=\"true\">\n\t\t\t\t\t\t\t\t\t\t\t<\/div>\n\t\t\t\t\t\t\t\t<div class=\"elementor-field-type-text elementor-field-group elementor-column elementor-field-group-field_7be501c elementor-col-100 elementor-field-required elementor-mark-required\">\n\t\t\t\t\t\t\t\t\t\t\t\t<label for=\"form-field-field_7be501c\" class=\"elementor-field-label\">\n\t\t\t\t\t\t\t\tIlo\u015b\u0107 os\u00f3b w grupie\t\t\t\t\t\t\t<\/label>\n\t\t\t\t\t\t\t\t\t\t\t\t\t\t<input size=\"1\" type=\"text\" name=\"form_fields[field_7be501c]\" id=\"form-field-field_7be501c\" class=\"elementor-field elementor-size-sm  elementor-field-textual\" required=\"required\" aria-required=\"true\">\n\t\t\t\t\t\t\t\t\t\t\t<\/div>\n\t\t\t\t\t\t\t\t<div class=\"elementor-field-type-select elementor-field-group elementor-column elementor-field-group-field_e599ecb elementor-col-100 elementor-field-type-select-multiple elementor-field-required elementor-mark-required\">\n\t\t\t\t\t\t\t\t\t\t\t\t<label for=\"form-field-field_e599ecb\" class=\"elementor-field-label\">\n\t\t\t\t\t\t\t\tWyb\u00f3r trasy\t\t\t\t\t\t\t<\/label>\n\t\t\t\t\t\t\t\t<div class=\"elementor-field elementor-select-wrapper remove-before \">\n\t\t\t<div class=\"select-caret-down-wrapper\">\n\t\t\t\t\t\t\t<\/div>\n\t\t\t<select name=\"form_fields[field_e599ecb][]\" id=\"form-field-field_e599ecb\" class=\"elementor-field-textual elementor-size-sm\" required=\"required\" aria-required=\"true\" multiple=\"\" size=\"5\">\n\t\t\t\t\t\t\t\t\t<option value=\"Historia brodnickiej Fary\">Historia brodnickiej Fary<\/option>\n\t\t\t\t\t\t\t\t\t<option value=\"Brodnica wielu kultur\">Brodnica wielu kultur<\/option>\n\t\t\t\t\t\t\t\t\t<option value=\"Brodnicki gotyk\">Brodnicki gotyk<\/option>\n\t\t\t\t\t\t\t\t\t<option value=\"Tajemnice Fary - Skarbiec\">Tajemnice Fary - Skarbiec<\/option>\n\t\t\t\t\t\t\t\t\t<option value=\"Tajemnice Fary - Ch\u00f3r\">Tajemnice Fary - Ch\u00f3r<\/option>\n\t\t\t\t\t\t\t<\/select>\n\t\t<\/div>\n\t\t\t\t\t\t<\/div>\n\t\t\t\t\t\t\t\t<div class=\"elementor-field-type-textarea elementor-field-group elementor-column elementor-field-group-message elementor-col-100\">\n\t\t\t\t\t\t\t\t\t\t\t\t<label for=\"form-field-message\" class=\"elementor-field-label\">\n\t\t\t\t\t\t\t\tWiadomo\u015b\u0107 - tre\u015b\u0107 zapytania\t\t\t\t\t\t\t<\/label>\n\t\t\t\t\t\t<textarea class=\"elementor-field-textual elementor-field  elementor-size-sm\" name=\"form_fields[message]\" id=\"form-field-message\" rows=\"4\"><\/textarea>\t\t\t\t<\/div>\n\t\t\t\t\t\t\t\t<div class=\"elementor-field-group elementor-column elementor-field-type-submit elementor-col-100 e-form__buttons\">\n\t\t\t\t\t<button type=\"submit\" class=\"elementor-button elementor-size-lg\">\n\t\t\t\t\t\t<span >\n\t\t\t\t\t\t\t\t\t\t\t\t\t\t\t<span class=\" elementor-button-icon\">\n\t\t\t\t\t\t\t\t\t\t\t\t\t\t\t\t\t\t\t\t\t\t\t\t\t\t<\/span>\n\t\t\t\t\t\t\t\t\t\t\t\t\t\t\t\t\t\t\t\t\t\t<span class=\"elementor-button-text\">Wy\u015blij<\/span>\n\t\t\t\t\t\t\t\t\t\t\t\t\t<\/span>\n\t\t\t\t\t<\/button>\n\t\t\t\t<\/div>\n\t\t\t<\/div>\n\t\t<\/form>\n\t\t\t\t<\/div>\n\t\t\t\t<\/div>\n\t\t\t\t\t<\/div>\n\t\t<\/div>\n\t\t\t\t\t<\/div>\n\t\t<\/section>\n\t\t\t\t<section class=\"elementor-section elementor-top-section elementor-element elementor-element-4a22a08 elementor-section-boxed elementor-section-height-default elementor-section-height-default\" data-id=\"4a22a08\" data-element_type=\"section\" data-settings=\"{&quot;_ha_eqh_enable&quot;:false}\">\n\t\t\t\t\t\t<div class=\"elementor-container elementor-column-gap-default\">\n\t\t\t\t\t<div class=\"elementor-column elementor-col-100 elementor-top-column elementor-element elementor-element-075eb19\" data-id=\"075eb19\" data-element_type=\"column\">\n\t\t\t<div class=\"elementor-widget-wrap elementor-element-populated\">\n\t\t\t\t\t\t<div class=\"elementor-element elementor-element-810b439 elementor-widget elementor-widget-gallery\" data-id=\"810b439\" data-element_type=\"widget\" data-settings=\"{&quot;gallery_layout&quot;:&quot;masonry&quot;,&quot;columns&quot;:2,&quot;lazyload&quot;:&quot;yes&quot;,&quot;columns_tablet&quot;:2,&quot;columns_mobile&quot;:1,&quot;gap&quot;:{&quot;unit&quot;:&quot;px&quot;,&quot;size&quot;:10,&quot;sizes&quot;:[]},&quot;gap_tablet&quot;:{&quot;unit&quot;:&quot;px&quot;,&quot;size&quot;:10,&quot;sizes&quot;:[]},&quot;gap_mobile&quot;:{&quot;unit&quot;:&quot;px&quot;,&quot;size&quot;:10,&quot;sizes&quot;:[]},&quot;link_to&quot;:&quot;file&quot;,&quot;overlay_background&quot;:&quot;yes&quot;,&quot;content_hover_animation&quot;:&quot;fade-in&quot;}\" data-widget_type=\"gallery.default\">\n\t\t\t\t<div class=\"elementor-widget-container\">\n\t\t\t\t\t<div class=\"elementor-gallery__container\">\n\t\t\t\t\t\t\t<a class=\"e-gallery-item elementor-gallery-item elementor-animated-content\" href=\"http:\/\/www.farabrodnica.pl\/wordpress\/wp-content\/uploads\/2022\/06\/TAJEMNICE-SKARBCZYK1-scaled.jpeg\" data-elementor-open-lightbox=\"yes\" data-elementor-lightbox-slideshow=\"810b439\" data-elementor-lightbox-title=\"TAJEMNICE SKARBCZYK1\" data-e-action-hash=\"#elementor-action%3Aaction%3Dlightbox%26settings%3DeyJpZCI6MTYwMzQ2LCJ1cmwiOiJodHRwOlwvXC93d3cuZmFyYWJyb2RuaWNhLnBsXC93b3JkcHJlc3NcL3dwLWNvbnRlbnRcL3VwbG9hZHNcLzIwMjJcLzA2XC9UQUpFTU5JQ0UtU0tBUkJDWllLMS1zY2FsZWQuanBlZyIsInNsaWRlc2hvdyI6IjgxMGI0MzkifQ%3D%3D\">\n\t\t\t\t\t<div class=\"e-gallery-image elementor-gallery-item__image\" data-thumbnail=\"http:\/\/www.farabrodnica.pl\/wordpress\/wp-content\/uploads\/2022\/06\/TAJEMNICE-SKARBCZYK1-768x1024.jpeg\" data-width=\"768\" data-height=\"1024\" aria-label=\"\" role=\"img\" ><\/div>\n\t\t\t\t\t\t\t\t\t\t\t<div class=\"elementor-gallery-item__overlay\"><\/div>\n\t\t\t\t\t\t\t\t\t\t\t\t\t\t<\/a>\n\t\t\t\t\t\t\t<a class=\"e-gallery-item elementor-gallery-item elementor-animated-content\" href=\"http:\/\/www.farabrodnica.pl\/wordpress\/wp-content\/uploads\/2022\/06\/TAJEMNICE-SKARBCZYK6.jpg\" data-elementor-open-lightbox=\"yes\" data-elementor-lightbox-slideshow=\"810b439\" data-elementor-lightbox-title=\"TAJEMNICE SKARBCZYK6\" data-e-action-hash=\"#elementor-action%3Aaction%3Dlightbox%26settings%3DeyJpZCI6MTYwMzQ3LCJ1cmwiOiJodHRwOlwvXC93d3cuZmFyYWJyb2RuaWNhLnBsXC93b3JkcHJlc3NcL3dwLWNvbnRlbnRcL3VwbG9hZHNcLzIwMjJcLzA2XC9UQUpFTU5JQ0UtU0tBUkJDWllLNi5qcGciLCJzbGlkZXNob3ciOiI4MTBiNDM5In0%3D\">\n\t\t\t\t\t<div class=\"e-gallery-image elementor-gallery-item__image\" data-thumbnail=\"http:\/\/www.farabrodnica.pl\/wordpress\/wp-content\/uploads\/2022\/06\/TAJEMNICE-SKARBCZYK6-1024x682.jpg\" data-width=\"930\" data-height=\"619\" aria-label=\"\" role=\"img\" ><\/div>\n\t\t\t\t\t\t\t\t\t\t\t<div class=\"elementor-gallery-item__overlay\"><\/div>\n\t\t\t\t\t\t\t\t\t\t\t\t\t\t<\/a>\n\t\t\t\t\t\t\t<a class=\"e-gallery-item elementor-gallery-item elementor-animated-content\" href=\"http:\/\/www.farabrodnica.pl\/wordpress\/wp-content\/uploads\/2022\/06\/TAJEMNICE-SKARBCZYK2.jpg\" data-elementor-open-lightbox=\"yes\" data-elementor-lightbox-slideshow=\"810b439\" data-elementor-lightbox-title=\"TAJEMNICE SKARBCZYK2\" data-e-action-hash=\"#elementor-action%3Aaction%3Dlightbox%26settings%3DeyJpZCI6MTYwMzQ4LCJ1cmwiOiJodHRwOlwvXC93d3cuZmFyYWJyb2RuaWNhLnBsXC93b3JkcHJlc3NcL3dwLWNvbnRlbnRcL3VwbG9hZHNcLzIwMjJcLzA2XC9UQUpFTU5JQ0UtU0tBUkJDWllLMi5qcGciLCJzbGlkZXNob3ciOiI4MTBiNDM5In0%3D\">\n\t\t\t\t\t<div class=\"e-gallery-image elementor-gallery-item__image\" data-thumbnail=\"http:\/\/www.farabrodnica.pl\/wordpress\/wp-content\/uploads\/2022\/06\/TAJEMNICE-SKARBCZYK2-1024x683.jpg\" data-width=\"930\" data-height=\"620\" aria-label=\"\" role=\"img\" ><\/div>\n\t\t\t\t\t\t\t\t\t\t\t<div class=\"elementor-gallery-item__overlay\"><\/div>\n\t\t\t\t\t\t\t\t\t\t\t\t\t\t<\/a>\n\t\t\t\t\t\t\t<a class=\"e-gallery-item elementor-gallery-item elementor-animated-content\" href=\"http:\/\/www.farabrodnica.pl\/wordpress\/wp-content\/uploads\/2022\/06\/TAJEMNICE-SKARBCZYK3.jpg\" data-elementor-open-lightbox=\"yes\" data-elementor-lightbox-slideshow=\"810b439\" data-elementor-lightbox-title=\"TAJEMNICE SKARBCZYK3\" data-e-action-hash=\"#elementor-action%3Aaction%3Dlightbox%26settings%3DeyJpZCI6MTYwMzQ5LCJ1cmwiOiJodHRwOlwvXC93d3cuZmFyYWJyb2RuaWNhLnBsXC93b3JkcHJlc3NcL3dwLWNvbnRlbnRcL3VwbG9hZHNcLzIwMjJcLzA2XC9UQUpFTU5JQ0UtU0tBUkJDWllLMy5qcGciLCJzbGlkZXNob3ciOiI4MTBiNDM5In0%3D\">\n\t\t\t\t\t<div class=\"e-gallery-image elementor-gallery-item__image\" data-thumbnail=\"http:\/\/www.farabrodnica.pl\/wordpress\/wp-content\/uploads\/2022\/06\/TAJEMNICE-SKARBCZYK3-1024x683.jpg\" data-width=\"930\" data-height=\"620\" aria-label=\"\" role=\"img\" ><\/div>\n\t\t\t\t\t\t\t\t\t\t\t<div class=\"elementor-gallery-item__overlay\"><\/div>\n\t\t\t\t\t\t\t\t\t\t\t\t\t\t<\/a>\n\t\t\t\t\t\t\t<a class=\"e-gallery-item elementor-gallery-item elementor-animated-content\" href=\"http:\/\/www.farabrodnica.pl\/wordpress\/wp-content\/uploads\/2022\/06\/TAJEMNICE-SKARBCZYK5.jpg\" data-elementor-open-lightbox=\"yes\" data-elementor-lightbox-slideshow=\"810b439\" data-elementor-lightbox-title=\"TAJEMNICE SKARBCZYK5\" data-e-action-hash=\"#elementor-action%3Aaction%3Dlightbox%26settings%3DeyJpZCI6MTYwMzUwLCJ1cmwiOiJodHRwOlwvXC93d3cuZmFyYWJyb2RuaWNhLnBsXC93b3JkcHJlc3NcL3dwLWNvbnRlbnRcL3VwbG9hZHNcLzIwMjJcLzA2XC9UQUpFTU5JQ0UtU0tBUkJDWllLNS5qcGciLCJzbGlkZXNob3ciOiI4MTBiNDM5In0%3D\">\n\t\t\t\t\t<div class=\"e-gallery-image elementor-gallery-item__image\" data-thumbnail=\"http:\/\/www.farabrodnica.pl\/wordpress\/wp-content\/uploads\/2022\/06\/TAJEMNICE-SKARBCZYK5.jpg\" data-width=\"930\" data-height=\"620\" aria-label=\"\" role=\"img\" ><\/div>\n\t\t\t\t\t\t\t\t\t\t\t<div class=\"elementor-gallery-item__overlay\"><\/div>\n\t\t\t\t\t\t\t\t\t\t\t\t\t\t<\/a>\n\t\t\t\t\t\t\t<a class=\"e-gallery-item elementor-gallery-item elementor-animated-content\" href=\"http:\/\/www.farabrodnica.pl\/wordpress\/wp-content\/uploads\/2022\/06\/TAJEMNICE-SKARBCZYK4.jpg\" data-elementor-open-lightbox=\"yes\" data-elementor-lightbox-slideshow=\"810b439\" data-elementor-lightbox-title=\"TAJEMNICE SKARBCZYK4\" data-e-action-hash=\"#elementor-action%3Aaction%3Dlightbox%26settings%3DeyJpZCI6MTYwMzUxLCJ1cmwiOiJodHRwOlwvXC93d3cuZmFyYWJyb2RuaWNhLnBsXC93b3JkcHJlc3NcL3dwLWNvbnRlbnRcL3VwbG9hZHNcLzIwMjJcLzA2XC9UQUpFTU5JQ0UtU0tBUkJDWllLNC5qcGciLCJzbGlkZXNob3ciOiI4MTBiNDM5In0%3D\">\n\t\t\t\t\t<div class=\"e-gallery-image elementor-gallery-item__image\" data-thumbnail=\"http:\/\/www.farabrodnica.pl\/wordpress\/wp-content\/uploads\/2022\/06\/TAJEMNICE-SKARBCZYK4-1024x683.jpg\" data-width=\"930\" data-height=\"620\" aria-label=\"\" role=\"img\" ><\/div>\n\t\t\t\t\t\t\t\t\t\t\t<div class=\"elementor-gallery-item__overlay\"><\/div>\n\t\t\t\t\t\t\t\t\t\t\t\t\t\t<\/a>\n\t\t\t\t\t<\/div>\n\t\t\t<\/div>\n\t\t\t\t<\/div>\n\t\t\t\t\t<\/div>\n\t\t<\/div>\n\t\t\t\t\t<\/div>\n\t\t<\/section>\n\t\t\t\t<\/div>\n\t\t","protected":false},"excerpt":{"rendered":"<p>TAJEMNICE FARY &#8211; SKARBIEC \u00a0\u00a0Brodnicki Ko\u015bci\u00f3\u0142 pod wezwaniem \u015awi\u0119tej Katarzyny Aleksandryjskiej to \u015bwiadek historii ponad VII wiek\u00f3w miasta. Ka\u017cde z minionych pokole\u0144 pozostawi\u0142o \u015blady i pami\u0105tki swojej obecno\u015bci, kt\u00f3re cz\u0119sto s\u0105 ukryte, dos\u0142ownie i w przeno\u015bni. W czasie tego spotkania b\u0119d\u0105 Pa\u0144stwo mieli okazj\u0119 zajrze\u0107 do zamkni\u0119tych korytarzy, zmieni\u0107 punkt widzenia i perspektyw\u0119, a tak\u017ce [&hellip;]<\/p>\n","protected":false},"author":1,"featured_media":0,"parent":0,"menu_order":0,"comment_status":"closed","ping_status":"closed","template":"","meta":{"footnotes":""},"_links":{"self":[{"href":"http:\/\/www.farabrodnica.pl\/wordpress\/wp-json\/wp\/v2\/pages\/160242"}],"collection":[{"href":"http:\/\/www.farabrodnica.pl\/wordpress\/wp-json\/wp\/v2\/pages"}],"about":[{"href":"http:\/\/www.farabrodnica.pl\/wordpress\/wp-json\/wp\/v2\/types\/page"}],"author":[{"embeddable":true,"href":"http:\/\/www.farabrodnica.pl\/wordpress\/wp-json\/wp\/v2\/users\/1"}],"replies":[{"embeddable":true,"href":"http:\/\/www.farabrodnica.pl\/wordpress\/wp-json\/wp\/v2\/comments?post=160242"}],"version-history":[{"count":7,"href":"http:\/\/www.farabrodnica.pl\/wordpress\/wp-json\/wp\/v2\/pages\/160242\/revisions"}],"predecessor-version":[{"id":160354,"href":"http:\/\/www.farabrodnica.pl\/wordpress\/wp-json\/wp\/v2\/pages\/160242\/revisions\/160354"}],"wp:attachment":[{"href":"http:\/\/www.farabrodnica.pl\/wordpress\/wp-json\/wp\/v2\/media?parent=160242"}],"curies":[{"name":"wp","href":"https:\/\/api.w.org\/{rel}","templated":true}]}}