{"id":12,"date":"2016-12-09T03:19:35","date_gmt":"2016-12-09T02:19:35","guid":{"rendered":"http:\/\/www.farabrodnica.pl\/wordpress\/?page_id=12"},"modified":"2021-08-30T05:20:05","modified_gmt":"2021-08-30T03:20:05","slug":"historia-parafii","status":"publish","type":"page","link":"http:\/\/www.farabrodnica.pl\/wordpress\/historia-parafii\/","title":{"rendered":"HISTORIA PARAFII"},"content":{"rendered":"<p align=\"JUSTIFY\"><em><img fetchpriority=\"high\" decoding=\"async\" class=\"size-medium wp-image-7 alignleft\" src=\"http:\/\/www.farabrodnica.pl\/wordpress\/wp-content\/uploads\/2016\/12\/DSC00578-300x225.jpg\" alt=\"\" width=\"300\" height=\"225\" srcset=\"http:\/\/www.farabrodnica.pl\/wordpress\/wp-content\/uploads\/2016\/12\/DSC00578-300x225.jpg 300w, http:\/\/www.farabrodnica.pl\/wordpress\/wp-content\/uploads\/2016\/12\/DSC00578-768x576.jpg 768w, http:\/\/www.farabrodnica.pl\/wordpress\/wp-content\/uploads\/2016\/12\/DSC00578-1024x768.jpg 1024w\" sizes=\"(max-width: 300px) 100vw, 300px\" \/><\/em><\/p>\n<p align=\"JUSTIFY\"><span style=\"font-family: Times New Roman,serif;\"><span style=\"font-size: medium;\">Historia parafii pw. \u015bw. Katarzyny Aleksandryjskiej, podobnie jak historia miasta, si\u0119ga czas\u00f3w \u015bredniowiecza. Doskonale odbijaj\u0105 si\u0119 w niej burzliwe dzieje Brodnicy. Obecnie najstarsza parafia w\u00a0mie\u015bcie jest r\u00f3wnocze\u015bnie siedzib\u0105 dekanatu. <\/span><\/span><\/p>\n<p align=\"JUSTIFY\"><span style=\"font-family: Times New Roman,serif;\"><span style=\"font-size: medium;\"> Dzisiejsza parafia \u015bw. Katarzyny powsta\u0142a pod koniec XIII w. Wydzielono j\u0105 z wcze\u015bniej istniej\u0105cej parafii w \u015awieciu nad Drw\u0119c\u0105. Nie ma jednoznacznej informacji, kto by\u0142 jej fundatorem. W\u00a0\u017ar\u00f3d\u0142ach podawani s\u0105 Krzy\u017cacy oraz pleban Miko\u0142aj Wowelin z Sandomierza. Stoj\u0105cy do dzi\u015b ko\u015bci\u00f3\u0142 zosta\u0142 zbudowany najprawdopodobniej w latach 1310 &#8211; 1340, cho\u0107 podawane s\u0105 r\u00f3wnie\u017c inne daty. Z\u00a0kroniki Piotra Dusburga, kt\u00f3ry opisuje zabicie plebana podczas najazdu Litwin\u00f3w 29.09.1298 r., wynika, \u017ce na miejscu obecnego ko\u015bcio\u0142a gotyckiego sta\u0142a drewniana \u015bwi\u0105tynia. W\u00a0czasach \u015bredniowiecza parafi\u0105 opiekowali si\u0119 Krzy\u017cacy. Nie jest znana data pierwszej konsekracji \u015bwi\u0105tyni, kt\u00f3ra w XIV w. nosi\u0142a wezwanie Naj\u015bwi\u0119tszej Maryi Panny i \u015bw. Katarzyny Aleksandryjskiej. <\/span><\/span><\/p>\n<p align=\"JUSTIFY\"><span style=\"font-family: Times New Roman,serif;\"><span style=\"font-size: medium;\"> W najwcze\u015bniejszych wiekach istnienia parafii Brodnica wyda\u0142a kilka ciekawych osobowo\u015bci. Proboszcz tutejszej parafii z lat 1420 &#8211; 1422 Peregrinus Cegenberg w roku 1416 bra\u0142 udzia\u0142 w obradach soboru w Konstancji. Z kolei brodniczanin Jan Malkow pe\u0142ni\u0142 funkcj\u0119 kapelana papie\u017ca Bonifacego IX. Ponadto w 1445 r. z inicjatywy biskupa che\u0142mi\u0144skiego w\u00a0Brodnicy odby\u0142 si\u0119 synod laik\u00f3w. W czasach \u015bredniowiecza parafia \u015bw. Katarzyny by\u0142a w\u00a0posiadaniu relikwii Krzy\u017ca \u015awi\u0119tego, kt\u00f3re przechowywano w kaplicy pod wie\u017c\u0105.<\/span><\/span><\/p>\n<p align=\"JUSTIFY\"><span style=\"font-family: Times New Roman,serif;\"><span style=\"font-size: medium;\"> Warto wspomnie\u0107, \u017ce na pocz\u0105tku XV w. pojawi\u0142y si\u0119 wzmianki dotycz\u0105ce funkcjonowania szko\u0142y parafialnej, kt\u00f3ra w p\u00f3\u017aniejszych wiekach zosta\u0142a przej\u0119ta przez ewangelik\u00f3w. R\u00f3wnie\u017c ko\u015bci\u00f3\u0142 kilkakrotnie przejmowany by\u0142 przez luteran\u00f3w. Po raz pierwszy trafi\u0142 w ich r\u0119ce w 1554 r. Jednak ju\u017c 07.03.1598 r. bp Jan Praevenius odzyska\u0142 ko\u015bci\u00f3\u0142 farny dla katolik\u00f3w. Po raz kolejny ko\u015bci\u00f3\u0142 znalaz\u0142 si\u0119 w r\u0119kach ewangelik\u00f3w w latach 1628 &#8211; 1629, kiedy w Brodnicy panowali Szwedzi. Na mocy rozejmu w\u00a0Starym Targu (1629 r.) ko\u015bci\u00f3\u0142 powr\u00f3ci\u0142 do katolik\u00f3w, kt\u00f3rzy zobowi\u0105zali si\u0119 uzna\u0107 prawo protestant\u00f3w do publicznego wyznawania wiary. Wp\u0142yw na losy katolicyzmu w\u00a0Brodnicy mia\u0142a r\u00f3wnie\u017c Anna Waz\u00f3wna, kt\u00f3ra w 1622 r. sprzeciwi\u0142a si\u0119 sprowadzeniu benedyktynek do Brodnicy. Istotnym okresem w dziejach Brodnicy i parafii by\u0142 potop szwedzki. W\u00a0latach 1655 &#8211; 1659 miasto znajdowa\u0142o si\u0119 w r\u0119kach Szwed\u00f3w, a ko\u015bci\u00f3\u0142 &#8211; protestant\u00f3w. Potop szwedzki wp\u0142yn\u0105\u0142 w znacznym stopniu na spadek liczby parafian. Po odzyskaniu \u015bwi\u0105tyni, odby\u0142a si\u0119 jej kolejna konsekracja, kt\u00f3rej dokona\u0142 w 1660 r. biskup Adam Kos. <\/span><\/span><\/p>\n<p align=\"JUSTIFY\"><span style=\"font-family: Times New Roman,serif;\"><span style=\"font-size: medium;\"> W XIX w., kiedy Brodnica znajdowa\u0142a si\u0119 w zaborze pruskim, katolicy nie chcieli dopu\u015bci\u0107 do kolejnego przej\u0119cia \u015bwi\u0105tyni przez protestant\u00f3w. W zwi\u0105zku z tym w latach 1827 &#8211; 1830 w\u0142\u0105czyli si\u0119 w\u00a0budow\u0119 ko\u015bcio\u0142a, kt\u00f3ry dzi\u015b jest znany jako ko\u015bci\u00f3\u0142 szkolny. Zosta\u0142 on po\u015bwi\u0119cony 04.04.1839 r. i\u00a0s\u0142u\u017cy\u0142 ewangelikom przez 115 lat. Pod koniec II wojny \u015bwiatowej na prze\u0142omie lutego i marca 1945 r. zosta\u0142 sprofanowany przez \u017co\u0142nierzy sowieckich. Po wojnie ko\u015bci\u00f3\u0142 trafi\u0142 w\u00a0r\u0119ce katolik\u00f3w. W jego uprz\u0105tni\u0119ciu pomogli brodniccy harcerze, ko\u015bci\u00f3\u0142 zosta\u0142 konsekrowany 07.12.1947 r. przez biskupa Kazimierza J\u00f3zefa Kowalskiego. <\/span><\/span><\/p>\n<p align=\"JUSTIFY\"><span style=\"font-family: Times New Roman,serif;\"><span style=\"font-size: medium;\"> II wojna \u015bwiatowa mia\u0142a ogromny wp\u0142yw na losy katolickich kap\u0142an\u00f3w z Brodnicy, z\u00a0kt\u00f3rych cz\u0119\u015b\u0107 zosta\u0142a aresztowana i osadzona w obozach. Proboszcz parafii pw. \u015bw. Katarzyny &#8211; ks. Walerian Ossowski zosta\u0142 aresztowany przez Gestapo ju\u017c w 1939 r., zmar\u0142 w obozie w\u00a0Stutthofie. R\u00f3wnie\u017c dw\u00f3ch wikariuszy tej parafii &#8211; ks. Mariusz Metler i ks. Alfons Szczepa\u0144ski &#8211; przesz\u0142o przez ob\u00f3z w\u00a0Stutthofie, nast\u0119pnie trafili do Sachsenhausen i Dachau, gdzie doczekali wyzwolenia. Dzi\u0119ki pomocy ze strony niemieckich mieszka\u0144c\u00f3w Brodnicy aresztowania unikn\u0105\u0142 prefekt Liceum i Gimnazjum im. Filomat\u00f3w Ziemi Micha\u0142owskie &#8211; ks. Leonard Rz\u00f3ska, kt\u00f3ry przez ca\u0142y czas okupacji by\u0142 wikariuszem w\u00a0parafii. Aresztowania unikn\u0105\u0142 r\u00f3wnie\u017c ks. Stanis\u0142aw T\u0119gowski &#8211; Prefekt Gimnazjum \u017be\u0144skiego, kt\u00f3ry po wybuchu wojny wyjecha\u0142 do Warszawy. Z kolei kapelan 67. Pu\u0142ku Piechoty w\u00a0Brodnicy dosta\u0142 si\u0119 do niewoli po kl\u0119sce kampanii wrze\u015bniowej. Trafi\u0142 mi\u0119dzy innymi do oboz\u00f3w w Buchenwaldzie i Dachau, a\u00a0po zako\u0144czeniu wojny wyemigrowa\u0142. Wojna nie przerwa\u0142a dzia\u0142alno\u015bci parafii. Jej administratorem by\u0142 ksi\u0105dz Pawe\u0142 Panek z parafii w Mszanie. Okupanci niemieccy wywie\u017ali z ko\u015bcio\u0142a ksi\u0119gi parafialne oraz trzy zabytkowe dzwony, kt\u00f3re ju\u017c nigdy nie wr\u00f3ci\u0142y do Brodnicy. 22.01.1945 r. \u015bwi\u0105tynia zosta\u0142a uszkodzona przez pocisk artyleryjski, jej wn\u0119trze zosta\u0142o p\u00f3\u017aniej zniszczone przez Sowiet\u00f3w. <\/span><\/span><\/p>\n<p align=\"JUSTIFY\"><span style=\"font-family: Times New Roman,serif;\"><span style=\"font-size: medium;\"> Obecnie parafia pw. \u015bw. Katarzyny Aleksandryjskiej znajduje si\u0119 w granicach diecezji toru\u0144skiej, kt\u00f3ra zosta\u0142a erygowana w roku 1992. Jej proboszczem jest ks. dr Mariusz Stasiak, kt\u00f3ry jednocze\u015bnie pe\u0142ni funkcj\u0119 dziekana dekanatu brodnickiego. W parafii pracuje czterech wikariuszy. Na terenie parafii dzia\u0142alno\u015b\u0107 prowadz\u0105 r\u00f3wnie\u017c Siostry S\u0142u\u017cebniczki Maryi, kt\u00f3re do Brodnicy sprowadzi\u0142 w roku 1920 ks. proboszcz W\u0142adys\u0142aw Fischoeder. Odpusty parafialne przypadaj\u0105 25listopada (\u015bw. Katarzyny Aleksandryjskiej) oraz sz\u00f3stego sierpnia (Przemienienia Pa\u0144skiego). <\/span><\/span><\/p>\n<p align=\"JUSTIFY\"><span style=\"font-family: Times New Roman,serif;\"><span style=\"font-size: medium;\">\u0179r\u00f3d\u0142a: &#8220;Diecezja toru\u0144ska. Historia i tera\u017aniejszo\u015b\u0107. T. 3 Dekanat brodnicki&#8221;, red. ks. S. Kardasz, Toru\u0144 1998.<\/span><\/span><\/p>\n<p align=\"JUSTIFY\"><span style=\"font-family: Times New Roman,serif;\"><span style=\"font-size: medium;\">http:\/\/diecezja-torun.pl\/diecezja\/parafia\/10\/parafia-pw-swietej-katarzyny-aleksandryjskiej-w-brodnicy (data dost\u0119pu: 06.11.2016)<\/span><\/span><\/p>\n<p align=\"JUSTIFY\"><em>Autor: Justyna Kaniecka<\/em><\/p>\n","protected":false},"excerpt":{"rendered":"<p>Historia parafii pw. \u015bw. Katarzyny Aleksandryjskiej, podobnie jak historia miasta, si\u0119ga czas\u00f3w \u015bredniowiecza. Doskonale odbijaj\u0105 si\u0119 w niej burzliwe dzieje Brodnicy. Obecnie najstarsza parafia w\u00a0mie\u015bcie jest r\u00f3wnocze\u015bnie siedzib\u0105 dekanatu. Dzisiejsza parafia \u015bw. Katarzyny powsta\u0142a pod koniec XIII w. Wydzielono j\u0105 z wcze\u015bniej istniej\u0105cej parafii w \u015awieciu nad Drw\u0119c\u0105. Nie ma jednoznacznej informacji, kto by\u0142 jej [&hellip;]<\/p>\n","protected":false},"author":1,"featured_media":0,"parent":0,"menu_order":0,"comment_status":"closed","ping_status":"closed","template":"full-width-page.php","meta":{"footnotes":""},"_links":{"self":[{"href":"http:\/\/www.farabrodnica.pl\/wordpress\/wp-json\/wp\/v2\/pages\/12"}],"collection":[{"href":"http:\/\/www.farabrodnica.pl\/wordpress\/wp-json\/wp\/v2\/pages"}],"about":[{"href":"http:\/\/www.farabrodnica.pl\/wordpress\/wp-json\/wp\/v2\/types\/page"}],"author":[{"embeddable":true,"href":"http:\/\/www.farabrodnica.pl\/wordpress\/wp-json\/wp\/v2\/users\/1"}],"replies":[{"embeddable":true,"href":"http:\/\/www.farabrodnica.pl\/wordpress\/wp-json\/wp\/v2\/comments?post=12"}],"version-history":[{"count":6,"href":"http:\/\/www.farabrodnica.pl\/wordpress\/wp-json\/wp\/v2\/pages\/12\/revisions"}],"predecessor-version":[{"id":3371,"href":"http:\/\/www.farabrodnica.pl\/wordpress\/wp-json\/wp\/v2\/pages\/12\/revisions\/3371"}],"wp:attachment":[{"href":"http:\/\/www.farabrodnica.pl\/wordpress\/wp-json\/wp\/v2\/media?parent=12"}],"curies":[{"name":"wp","href":"https:\/\/api.w.org\/{rel}","templated":true}]}}